third derivative of -l**5/60 - l**4/24 - 2*l**3/3 - 16*l**2. Determine a(m).
-10
Let f(y) be the second derivative of 4/3*y**3 - 2*y**2 - 1/20*y**5 + 0 - 1/3*y**4 + 10*y. Give f(-6).
20
Suppose 4*v - 26 = -2. Let z(j) = j**2 - 7*j - 3. Let n be (0 + -4)/(2 - 3). Let w(q) = -q**2 + 7*q + 3. Let i(f) = n*w(f) + 3*z(f). Calculate i(v).
9
Let b be (6/18)/(3/423). Let x = 43 - b. Let l(j) = j**3 + 5*j**2 + 5*j + 4. Give l(x).
0
Let f be 0/7 + 5 - 14/(-2). Let r(h) = -h**3 + 12*h**2 - h - 12. Give r(f).
-24
Let l(j) = -9*j + 1. Suppose 2*f - 5*f + 12 = 0. Suppose f*d + 7 = 31. Suppose 5*v + 1 - d = 0. What is l(v)?
-8
Let a(u) be the first derivative of u**6/120 - u**5/12 - u**4/3 + 4*u**3/3 - 5*u**2/2 - 13. Let q(c) be the second derivative of a(c). What is q(6)?
-4
Let o(i) = 3*i**2 - 5*i + 4. Suppose 0 = 4*a, -g = g - 3*a - 6. Suppose -c + 5*s = 7, g*c - 5*s + 1 = -0*s. Calculate o(c).
16
Let v(h) = -h**3 - 7*h**2 + 2*h + 7. Let m be ((-2 - -3) + 0)*5. Suppose 5*z - 8 - 7 = 5*i, 3*i + m = 4*z. Determine v(i).
-7
Let h = -105 - -12. Let g = h + 97. Let s(w) = w**2 - 5*w - 2. Calculate s(g).
-6
Let u(n) be the second derivative of -n**7/2520 + n**6/120 - n**4/6 + 9*n. Let t(j) be the third derivative of u(j). Determine t(3).
9
Suppose -7*u + 3*u = 4. Let i = -2 + u. Let j(k) = -2*k**2 + k + 3. Let h(g) = g**2. Let r(d) = i*h(d) - j(d). Give r(0).
-3
Let m(v) = -v**2 - 4*v + 6. Let z(p) = p**2 - 5*p - 1. Let f be z(4). Let y be m(f). Let c(d) = -13*d. What is c(y)?
-13
Let m(j) = j**2 - 6*j - 17. Let u be (-21)/6*(-16)/7. What is m(u)?
-1
Suppose 3*w - 5 = 4, -2*b = 3*w - 11. Let z(y) = y**2 - 1. Let r(m) = 13*m**2 - m - 3. Let l(x) = r(x) - 4*z(x). What is l(b)?
9
Let v(k) = -k**2 + k - 1. Let o be v(1). Suppose 6*i = 3*i + 9. Let y(f) = f - 2*f - f**i + 0*f + 2*f. Give y(o).
0
Let w(v) = -4 + 5 - v**2 + 9*v**2 - 3*v**2 - 4*v**2. Suppose -n + 2*j = -8, j + 3*j = -n - 16. Calculate w(n).
1
Let j(k) = 10*k + 5. Let i(g) = -5*g - 2. Let z(a) = 5*i(a) + 3*j(a). What is z(5)?
30
Suppose -11*b + 15*b + 28 = 0. Let f be 2/(-2)*(b - -8). Let a(v) be the second derivative of 3*v**5/4 + v**4/12 + v**3/6 - 4*v. Calculate a(f).
-15
Let u = -6 - 0. Let w be 66/9*u/4. Let x = w + 7. Let d(f) = f**2 + 5*f + 3. What is d(x)?
-1
Let g(t) = -9*t**3 - 15*t**2 - t - 6. Let k(v) = 4*v**3 - 1. Let j(f) = g(f) + 2*k(f). Give j(-15).
7
Let t = -1 - -3. Suppose 76*l = 70*l + 6. Let o(p) = -4*p**3 - l + 3*p**3 - 7*p**2 - t*p + p. Give o(-7).
6
Let r(y) = y**3 - 2*y**2 + 2*y - 5. Let i be r(0). Let d(j) = j**3 + 6*j**2 + 4*j + 1. What is d(i)?
6
Let g be (2 - 4) + -8 + (10 - 8). Let a(f) = f + 1. Let k(x) = -x. Let h(y) = -3*a(y) - 5*k(y). Determine h(g).
-19
Let h(n) = -3*n + 0*n + 4*n - 4. Let g be (-2)/(-2) - (2 - 1). Suppose g = -5*q - 0*q + p + 24, 0 = -4*q + 3*p + 17. What is h(q)?
1
Let m(j) = 2*j**3 - 3. Let l be m(-2). Let k(t) = 2*t - 4. Let n be k(-5). Let r = n - l. Let g(p) = -p**3 + 6*p**2 - 4*p - 6. What is g(r)?
-1
Let c(k) be the first derivative of -k**4/4 - 3*k**3 - 4*k**2 - 10*k + 155. Calculate c(-8).
-10
Suppose 0 = -0*p + 4*p + 16. Let a(r) be the first derivative of 2*r**3/3 + 2*r**2 - 5*r + 348. What is a(p)?
11
Let f(m) = m + 3. Let b(a) = a + 4. Suppose 4*s + 13 = -15. Let o(t) = s*f(t) + 6*b(t). Calculate o(5).
-2
Let n(m) = m**3 + 8*m**2 + 8. Suppose 7 = -a - 2*k - 0*k, -3*k - 6 = -3*a. Let f be -9 - a - (-2 + 2)/(-1). Determine n(f).
8
Let d(l) = 4*l**2 - 232*l + 7. Let w be d(58). Let p(f) = -5*f - 1. Let g(q) = -11*q - 3. Let o(n) = -4*g(n) + 9*p(n). What is o(w)?
-4
Let z(l) = 5*l - 7. Let t(q) = -14*q + 20. Let u(p) = 4*t(p) + 11*z(p). Suppose 100 = -7*v - 13*v. Give u(v).
8
Let k = -81 + 86. Let s be 19/6 + (-3)/18. Let i(z) = -3*z - 3*z - 2 - s*z + 8*z. Calculate i(k).
-7
Let w(t) = t**3 + 15*t**2 + 38 - 17*t - 34 - 23. What is w(-16)?
-3
Let s be 2/4*(147 - 1). Let c = s - 49. Suppose n - 3*n + c = -4*r, -r + 5*n - 15 = 0. Let i(p) = -p**2 - 6*p - 4. Determine i(r).
1
Let c(d) be the second derivative of -d**5/60 - d**3/6 + 3*d**2/2 - 3*d. Let y(p) be the first derivative of c(p). Give y(-1).
-2
Let l(o) = o**2 + o - 1. Let i be l(2). Let q(w) = w**2 + i*w + 6 + w + 2*w. Calculate q(-7).
-1
Let f(m) be the second derivative of -m**5/10 - m**4/3 - m**3/2 - m**2/2 + 6*m. Suppose 3*n - 5 - 1 = 0. Suppose -n*v - 6 = v. Determine f(v).
5
Let f(t) be the second derivative of -4*t**3/3 + 11*t**2 - 497*t. Give f(6).
-26
Let m(g) = 0*g + 4*g + 5 + 2*g - g**2. Let w(v) = v**3 + 9*v**2 + 11*v - 16. Let s be w(-7). Give m(s).
10
Let x(u) be the second derivative of 5*u**3/6 - 28*u. Suppose -4*p - 4*v + 80 = 0, -2*p - 3*v + 36 = v. Let a be (-6)/(-27) + p/(-18). What is x(a)?
-5
Let n(k) = 9*k - 1. Let x(p) = -115*p + 686. Let b be x(6). Calculate n(b).
-37
Suppose -4*c + 5*c + 11 = 3*v, 2*c - 3*v = -7. Let k be (-10)/c*(24/5)/3. Let m(p) = -p**3 - 5*p**2 - 4*p + 1. Calculate m(k).
1
Let v = 13 - 10. Suppose v*t - 14 - 16 = 0. Let x(d) = 7 + d + 2 - t + d**2. Calculate x(2).
5
Suppose 4*o = -30 - 6. Let p(m) = m**2 + 9*m - 4. Determine p(o).
-4
Suppose 0*f + 12*f - 132936 = 0. Let w(j) = f*j - 1 - 10 - 11079*j. Determine w(-10).
-1
Let i be (-66)/3*(-3)/6. Suppose i*d - 14*d = -15. Suppose 0 = 2*u - 3*f + 11, 0 = -d*u - f - f - 18. Let w(t) = -t + 5. Give w(u).
9
Let s(h) = 9*h + 2. Let j(p) = 25*p + 1. Let i(y) = -2*j(y) + 6*s(y). Give i(-7).
-18
Let j(v) = v**3 - 11*v**2 + 6*v + 43. Let y be j(10). Let h(q) be the first derivative of 5/3*q**3 - 4 + 1/4*q**4 - y*q + 5/2*q**2. Calculate h(-4).
-7
Let w(y) be the third derivative of y**4/8 + 4*y**3/3 + 13*y**2 - 2*y. What is w(-6)?
-10
Let s = -1 - -1. Suppose 25*q - 27*q + 8 = s. Let t(b) = 5*b**3 - 6*b + 3. Let n(x) = 4*x**3 - 5*x + 2. Let k(i) = q*n(i) - 3*t(i). Determine k(-1).
0
Let i = -72 - -58. Let r be 0 + 2 + i + 17. Let u(h) = 3*h**3 - 3*h**2 + 5 + 4*h - 12*h - 2*h**3. Determine u(r).
15
Let q(j) = j**2 + 9*j - 7. Let p be -10 - (1 - 2)/1. Give q(p).
-7
Let c(u) = -u**2 + 1. Let t(p) be the second derivative of 0 - p - 3/2*p**2 + 1/6*p**4 + 1/6*p**3. Let m(n) = 7*c(n) + 3*t(n). Calculate m(4).
-6
Let g(u) be the third derivative of -u**5/60 - u**4/12 + u**3/2 + 99*u**2. Determine g(-5).
-12
Let p be 0 + -3 - (1 - 7). Let i(l) = -4 + 1 + 1 - 1 + 4*l**2 + p*l. Suppose 113*f - 116*f = -6. What is i(f)?
19
Let x(i) be the first derivative of -5*i**2/2 - 2*i - 185. Determine x(-1).
3
Suppose w - 2 = -0*w. Let u(b) be the first derivative of -19 - 7/2*b**2 + 3*b. Calculate u(w).
-11
Let j be 38/9 + 2/(-9). Let g(k) be the third derivative of -k**5/60 + 7*k**4/24 - 5*k**3/6 - 61*k**2 - 2. What is g(j)?
7
Suppose 4*t = 5*t. Suppose t = 5*p - 2*p + 3. Let r(i) = 1 + 0 + 3*i + i**3 + 4*i + i**2 - 5*i. Give r(p).
-1
Let z(m) = 2*m - 7. Let t(h) be the second derivative of 1/6*h**3 + 1/20*h**5 - 5*h + 0 - 1/2*h**2 + 1/3*h**4. Let k be t(-3). What is z(k)?
3
Let q(c) = -2 + 3*c**3 - 2*c**3 - 1 - 6*c**2 - 4. What is q(6)?
-7
Let b(k) be the second derivative of -k**4/24 - 5*k**3/3 + 7*k**2/2 + k. Let h(z) be the first derivative of b(z). What is h(-8)?
-2
Let x(j) = -7*j**2 + 4*j - 3. Let c(l) = -3*l**2 + 2*l - 1. Let m(f) = -5*c(f) + 2*x(f). What is m(-3)?
14
Let h(b) = -b**3 + 11*b**2 + 3*b - 6. Let f = 354 - 343. What is h(f)?
27
Let j(t) = t - 25. Let l be ((-10)/40)/((-2)/120). Determine j(l).
-10
Let f be (20 - -4)/(-2)*34/68. Let d(l) = -6*l - 3. Let c(u) = 11*u + 7. Let a(z) = -4*c(z) - 7*d(z). Determine a(f).
5
Let k(n) be the third derivative of -7*n**5/60 - n**4/24 - n**3/6 + 3*n**2. Let t be (9/(-2))/(2/(-4)). Suppose t*d + 6 = -3. Give k(d).
-7
Let o(b) = -b + 7. Let g(x) = x**2 + 2. Let u be g(-5). Let m = -43 + u. Let c = m + 22. What is o(c)?
1
Let c = -1 + 1. Let v(p) be the second derivative of -1/2*p**2 - 10*p + 1/6*p**3 + 0. Give v(c).
-1
Let l(b) = -21*b + 8*b + b**3 + 41*b**2 + 8*b - 37*b**2 + 1. Calculate l(-4).
21
Let w(v) = v**3 + 16 - 7 + v + 11*v**2 - 15*v - 30. Calculate w(-12).
3
Let g(y) = y**3 + 4*y**2 + 3. Let i = -12 + -30. Let a = 38 + i. Determine g(a).
3
Suppose -3*r + 108 = -4*m, 0 = 3*m - 0*r + 5*r + 110. Let t = 13 + -7. Let o be 38/(-10) + t/m. Let v(a) = a + 8. Calculate v(o).
4
Let u be (-2)/12*(0 - 2/20). Let h(p) be the third derivative of 1/15*p**5 + u*p**